mmon divisor of 47 and 3686633?
47
What is the greatest common divisor of 6990 and 475?
5
What is the greatest common factor of 1302 and 173724?
186
Calculate the greatest common divisor of 36740 and 100.
20
Calculate the greatest common factor of 777155 and 615.
205
Calculate the greatest common factor of 660 and 1546800.
60
Calculate the greatest common factor of 10 and 911435.
5
What is the highest common divisor of 700918 and 4?
2
What is the highest common divisor of 4560 and 1331976?
456
Calculate the highest common factor of 75729 and 33.
3
Calculate the greatest common divisor of 671480 and 40.
40
What is the highest common divisor of 2884076 and 962?
962
What is the highest common divisor of 212506 and 344?
86
What is the greatest common divisor of 68103 and 9?
9
What is the greatest common factor of 2693674 and 74?
74
What is the highest common factor of 6179438 and 537?
179
Calculate the greatest common divisor of 3755 and 3305902.
751
What is the highest common divisor of 1674 and 38688?
186
Calculate the greatest common divisor of 4537 and 7306.
13
What is the greatest common divisor of 384 and 15528?
24
Calculate the greatest common divisor of 238 and 1713906.
34
What is the greatest common factor of 30401 and 2709?
301
What is the highest common factor of 40449 and 1455?
291
What is the greatest common divisor of 22750 and 2125?
125
What is the highest common factor of 500 and 7375?
125
What is the greatest common divisor of 30 and 622470?
30
Calculate the highest common factor of 19 and 797.
1
What is the greatest common divisor of 17119 and 1824?
19
What is the highest common factor of 2171 and 39?
13
Calculate the highest common divisor of 209 and 8683.
19
Calculate the greatest common divisor of 174 and 543750.
174
Calculate the greatest common divisor of 1605 and 2565.
15
What is the highest common divisor of 15785 and 420?
35
Calculate the highest common divisor of 1392 and 18966.
174
Calculate the highest common divisor of 143 and 10571.
11
Calculate the greatest common factor of 899 and 3875.
31
Calculate the highest common divisor of 2816 and 5280.
352
Calculate the greatest common factor of 580 and 86565.
145
What is the highest common factor of 499999 and 31?
31
What is the highest common factor of 18 and 48018?
6
What is the greatest common divisor of 6955 and 715?
65
Calculate the highest common divisor of 63 and 109620.
63
Calculate the highest common divisor of 29 and 35873.
29
What is the greatest common factor of 630329 and 3339?
371
Calculate the greatest common divisor of 270 and 826470.
270
Calculate the greatest common divisor of 3785570 and 3270.
1090
Calculate the greatest common divisor of 36 and 71844.
12
What is the greatest common divisor of 19 and 44113?
1
Calculate the greatest common divisor of 24660 and 836.
4
Calculate the highest common factor of 69870 and 1530.
510
Calculate the highest common factor of 25982 and 14861.
11
What is the greatest common divisor of 429 and 161447?
143
Calculate the highest common divisor of 1038 and 214520.
346
Calculate the highest common divisor of 8096 and 45034.
506
Calculate the greatest common factor of 7335 and 632440.
815
What is the greatest common factor of 1293160 and 22?
22
Calculate the highest common factor of 14546 and 448.
14
Calculate the greatest common divisor of 26427 and 21183.
69
Calculate the highest common divisor of 424515 and 1950.
195
What is the highest common factor of 132 and 339328?
44
Calculate the greatest common factor of 580 and 392.
4
What is the highest common divisor of 10 and 393385?
5
What is the greatest common factor of 1225 and 301?
7
What is the highest common factor of 817 and 266?
19
Calculate the highest common factor of 23471 and 201659.
479
Calculate the highest common factor of 3418766 and 299.
299
What is the greatest common divisor of 85489 and 4?
1
What is the greatest common divisor of 1692 and 102?
6
What is the greatest common divisor of 15 and 54?
3
What is the highest common factor of 2527 and 18050?
361
What is the highest common factor of 1492525 and 25?
25
Calculate the highest common divisor of 715416 and 195.
39
What is the highest common divisor of 52519 and 29?
29
Calculate the highest common factor of 63582 and 96.
6
What is the highest common factor of 3344 and 1576?
8
Calculate the greatest common divisor of 84952 and 6314.
574
What is the greatest common factor of 18040 and 13325?
205
Calculate the greatest common factor of 945 and 58260.
15
Calculate the greatest common divisor of 18901 and 123.
41
What is the highest common factor of 1458 and 63828?
162
What is the greatest common factor of 197317 and 529?
529
What is the highest common divisor of 252239 and 13?
13
What is the greatest common divisor of 180 and 20970?
90
What is the highest common factor of 611 and 13160?
47
Calculate the highest common factor of 2148 and 9708.
12
Calculate the greatest common divisor of 716 and 331508.
716
What is the greatest common factor of 57 and 3781?
19
Calculate the highest common divisor of 260 and 42445.
65
Calculate the highest common divisor of 117718 and 426.
142
Calculate the greatest common divisor of 8 and 516024.
8
Calculate the greatest common divisor of 1760 and 27440.
80
What is the highest common factor of 135 and 730?
5
Calculate the highest common factor of 17884 and 408.
68
Calculate the highest common divisor of 164 and 908.
4
Calculate the greatest common factor of 3036 and 4235979.
759
What is the highest common divisor of 25019 and 127?
127
What is the highest common factor of 138 and 56626?
46
What is the greatest common divisor of 745 and 2235000?
745
Calculate the greatest common factor of 131960 and 1120.
40
What is the highest common factor of 245 and 104440?
35
What is the highest common factor of 81 and 197136?
9
What is the greatest common divisor of 19 and 1805?
19
Calculate the greatest common factor of 2410 and 910.
10
Calculate the greatest common divisor of 505274 and 772.
386
What is the highest common factor of 9261 and 264453?
1029
Calculate the highest common factor of 3060 and 23220.
180
What is the greatest common factor of 583685 and 214?
107
Calculate the highest common factor of 361 and 2185133.
361
What is the greatest common factor of 803583 and 99?
99
What is the highest common factor of 277015 and 85?
85
What is the greatest common divisor of 69525 and 150?
75
What is the greatest common factor of 301044 and 60?
12
Calculate the greatest common factor of 405 and 8343.
81
What is the greatest common divisor of 186 and 689874?
186
Calculate the highest common divisor of 37260 and 89700.
1380
Calculate the highest common divisor of 291 and 4541928.
291
What is the greatest common divisor of 218973 and 141?
141
Calculate the greatest common factor of 10260 and 5510.
190
What is the greatest common divisor of 11 and 917389?
11
What is the highest common divisor of 176958 and 1218?
174
Calculate the highest common divisor of 36 and 162954.
18
What is the highest common divisor of 214521 and 69?
69
Calculate the highest common divisor of 310 and 8807720.
310
Calculate the greatest common factor of 2013258 and 7305.
1461
What is the greatest common divisor of 17348 and 4?
4
Calculate the greatest common divisor of 1687141 and 83.
83
Calculate the highest common divisor of 3836546 and 301.
301
What is the highest common factor of 35 and 4625985?
35
Calculate the highest common divisor of 768608 and 64.
32
Calculate the greatest common divisor of 1289314 and 7514.
442
What is the highest common factor of 3249000 and 5472?
1368
Calculate the greatest common divisor of 405 and 54000.
135
Calculate the greatest common factor of 119 and 37859.
17
Calculate the highest common factor of 11702 and 8.
2
What is the greatest common divisor of 12214 and 788?
394
What is the greatest common divisor of 150684 and 4?
4
What is the greatest common factor of 462 and 43120?
154
Calculate the greatest common factor of 3562299 and 398.
199
What is the highest common factor of 3024 and 6027?
21
Calculate the highest common factor of 130 and 4540.
10
Calculate the greatest common divisor of 356 and 143201.
89
What is the greatest common factor of 24828 and 52?
4
Calculate the greatest